Calculate the remainder when 66 is divided by o.
15
Let r(x) = -x**2 - 3*x + 4. Let w be r(-3). Suppose -4*a + 5*u + 256 = 0, 0*a + w*u = 2*a - 122. Calculate the remainder when a is divided by 24.
21
Let m(b) = -450*b + 3953. Calculate the remainder when m(8) is divided by 72.
65
Suppose 1 = -3*h - 8, -5*b + 19 = 2*h. Suppose -b*q = -10*q. Suppose q = -r - 3*x - 2*x - 17, 17 = 4*r + 3*x. What is the remainder when 14 is divided by r?
6
Let s(y) = y**3 - 5*y**2 - 45*y + 340. Calculate the remainder when 683 is divided by s(7).
68
Suppose -21*u = -22*u. Suppose u = -0*g - 24*g + 648. Calculate the remainder when 69 is divided by g.
15
Suppose -5*v = -23*r + 20*r - 84, -5*v - 4*r + 133 = 0. Calculate the remainder when 69 is divided by v.
6
Suppose -20*v + 5*a = -18*v - 631, -313 = -v + 3*a. Calculate the remainder when v is divided by 0 - 0 - 2 - -17.
13
Let t be 18/(-12)*(-3)/((-9)/4). Let k be (-18)/(-4) - (-1)/t. Suppose -3*g = -15, -2*u + 3*u + k*g - 55 = 0. What is the remainder when 69 is divided by u?
34
Let t = 5760 + -5730. What is the remainder when 487 is divided by t?
7
Let f = 1397 - 762. Suppose -644*o + f*o = -837. Suppose -2*l + 75 = l. Calculate the remainder when o is divided by l.
18
Let i = -180 + 195. Calculate the remainder when 191 is divided by i*(24/(-84) + 38/35).
11
Let k(y) be the second derivative of y**4/3 - 2*y**3 - 17*y**2 + y + 17. What is the remainder when k(-4) is divided by 20?
18
Let n(y) = -8*y**3 + 3*y**2 + 8*y + 12. What is the remainder when n(-2) is divided by 27?
18
Suppose a = 6*a - 835. Suppose 5*r - 2*r + 317 = 5*v, 3*v = -4*r + a. Let j = -47 + v. Calculate the remainder when 37 is divided by j.
9
Let a = -3349 + 3399. Calculate the remainder when 1348 is divided by a.
48
Suppose -3*o + 4 = -2. Suppose o*b - 192 = 72. Suppose 3*y + j = 2*j + 78, -5*y = -j - b. Calculate the remainder when y is divided by 7.
6
Calculate the remainder when 1698 is divided by (110/(-88))/((-948)/(-5456) - (-4)/(-22)).
148
Suppose -18*l + 20*l - 38 = 0. Suppose 4031 = l*q + 10*q. What is the remainder when q is divided by 24?
19
Let u = 49 + 30. Let l(a) = 18*a + 676. Calculate the remainder when u is divided by l(-36).
23
Suppose 480 = 5*s - 3*d, -2*s + d + 41 + 150 = 0. Let l(w) = 27 + 2*w - 9 - 10. Calculate the remainder when s is divided by l(2).
9
What is the remainder when (10/(-8)*254 + 1)*(-4)/6 is divided by 31?
25
Suppose 10*z - 8 = 12*z. Let d be (-6 - z - -3) + (0 - 1). Suppose d = -4*q - 6 - 2, -4*q + 26 = p. What is the remainder when p is divided by 10?
4
Suppose 0 = 5*b + 5*c - 675, 0 = -4*b + 3*c + 96 + 451. Calculate the remainder when 5846 is divided by b.
134
Let y = 18325 + -18265. Calculate the remainder when 7975 is divided by y.
55
Suppose -n + 0*b = -2*b - 16, 0 = -3*n - 5*b + 37. Suppose -w + 8 = -5*m, 2 = 4*m - 5*w - 0. What is the remainder when (-30)/(m + 10/8) is divided by n?
12
Let h(y) = -y**3 + y**2 - 2*y - 2. Let i be h(-2). Suppose i*g - 468 = 246. Let v(j) = -j**2 - 7*j - 3. What is the remainder when g is divided by v(-4)?
6
Suppose -8*v - 2*v + 110 = 0. Suppose s = 30 - v. Let f(u) = -u**3 + 7*u**2 + 5*u. Calculate the remainder when f(5) is divided by s.
18
Let p be ((-16)/6)/((-38)/57). Suppose -4 = 4*b - 12. Suppose -2*t + 5*t - 77 = -b*z, 0 = -2*z - p*t + 82. Calculate the remainder when 92 is divided by z.
30
Let t = -80 - -110. Suppose n - 4*d = 2*n - 16, 0 = 5*n - 5*d - 55. Suppose v - n = 3*y - 4*y, 3*y + 2*v = 41. Calculate the remainder when t is divided by y.
13
Suppose -4*k - 30 = -2*z - 9*k, -6*z = -5*k - 10. What is the remainder when 84 is divided by z?
4
Suppose -z + 84 = -f + 4279, 4*f + 2*z - 16756 = 0. Calculate the remainder when f is divided by 7.
5
Suppose h + 0*h = 147. Suppose 4*g = -12, 0 = -s + 2*g + 3*g + 89. Let o = h - s. What is the remainder when o is divided by 19?
16
Let a(t) = t**2 + 5*t - 126. Calculate the remainder when a(11) is divided by 4.
2
Suppose 334446 = 125*i - 475179. Calculate the remainder when i is divided by 158.
157
Suppose p + 8 = 12, -1324 = -5*t + 4*p. Suppose -5*h + t = -b - 197, 186 = 2*h - b. Calculate the remainder when h is divided by 25.
18
Let k = 251 + -236. Suppose 11*g + 1144 = k*g. Calculate the remainder when g is divided by 73.
67
Suppose 0 = 4*a - 87 + 71. Suppose -3*p - a*q + 190 = 0, 14*q = 3*p + 9*q - 181. What is the remainder when p is divided by 13?
10
Let i(x) be the first derivative of 31 - 5/2*x**2 - 6*x. What is the remainder when 93 is divided by i(-6)?
21
Let t(b) = b**3 + 30*b**2 - b - 27. What is the remainder when 78 is divided by t(-30)?
0
Suppose t + 15 = 35. Suppose c = 3*c - 108. What is the remainder when c is divided by t?
14
Let b(f) = 6*f**2 + 4*f + 1. Let n(z) = 2*z - 50. Let j be n(26). What is the remainder when 40 is divided by b(j)?
7
Calculate the remainder when ((-4980)/810*-3)/(2/9) is divided by 21.
20
Suppose -17*q = 26*q + 21779 - 178987. Calculate the remainder when q is divided by 23.
22
Suppose -7*r = -212 - 166. Let m = -21 + 43. Suppose m = 5*n - 73. What is the remainder when r is divided by n?
16
Let l = -21 + 72. Suppose n = -3*u + 50 - 18, -3*u = 11*n - 82. Calculate the remainder when l is divided by u.
6
Suppose 2*n - 5*t - 647 = -2*t, 5*n - 5*t = 1615. Suppose -n = -4*q + 186. Calculate the remainder when q is divided by 22.
17
Let x = 8759 + -8695. Calculate the remainder when x is divided by 3.
1
Let g(k) = k**2 + 35*k + 79. What is the remainder when g(-40) is divided by 12?
3
Let p(d) = d**3 - 15*d**2 + 12*d - 24. Let l be p(15). Suppose 57*o - l = 51*o. Calculate the remainder when (1 - -1)*-1 + 103 is divided by o.
23
Suppose -z - 13*z = 28. What is the remainder when (12/12)/(z/(-38)) is divided by 9?
1
Suppose 8*t + 121 = -1159. Let d = 230 + t. Suppose d = 16*w - 11*w. Calculate the remainder when w is divided by 8.
6
Let f(q) = -q**3 - q**2 - q - 9. Suppose 2*p - 4*p = 3*n - 54, 0 = -3*p + n + 103. Calculate the remainder when p is divided by f(-3).
9
Suppose 4*h + p + 849 = 0, h - p + 186 = 4*p. Let k = h - -245. What is the remainder when 95 is divided by k?
27
Let l = 175 - 171. Suppose l*z - 46 = 3*z. Calculate the remainder when (0 + 266/(-1))/(-2) is divided by z.
41
Suppose 0 = 18*b - 1197 - 2799. Calculate the remainder when b is divided by 20.
2
Suppose -5*m = 4*j - 437 - 94, 4*m + 4 = 0. Let n = j + -99. What is the remainder when n is divided by ((-6)/4)/(2/(-16))?
11
Suppose -7*c - 72 = -11*c. Let w = 29 - c. What is the remainder when w is divided by 6?
5
Suppose 4*r + v - 784 = 0, -r - 5*v = -v - 196. Suppose -3*i + r = i. What is the remainder when 192 is divided by i?
45
Let q(w) = -w**3 + 8*w**2 + 14*w - 10. Let t = -50 + 68. Suppose 0 = -4*p + 54 - t. Calculate the remainder when 137 is divided by q(p).
32
Let n(y) = y**3 + 89*y**2 - 571*y + 165. What is the remainder when 389 is divided by n(-95)?
129
Suppose 5*o + 2*h - 112 = 0, 3*o - 72 = 5*h - 7*h. Calculate the remainder when 9454 is divided by o.
14
Suppose 0*f + 866 = 171*f - 2212. Calculate the remainder when 600 is divided by f.
6
Let o = -44 - -121. What is the remainder when 143/7 + 44/o is divided by (-14 - 0)/((-4)/2)?
0
Suppose -452 = -5*n + y, -7*n + 2*y = -2*n - 449. What is the remainder when n is divided by 936/20 + ((-48)/(-30))/8?
44
Let f = -564 - -431. Let g = f - -154. Calculate the remainder when 31 is divided by g.
10
Let i(l) = 580*l - 168. Let j be i(3). Suppose -j*b = -1574*b + 26. Suppose -4*w + 196 = -0*w. Calculate the remainder when w is divided by b.
10
Suppose -3*g = -3*w + 513, 0 = 158*g - 157*g - 6. What is the remainder when w is divided by 52?
21
Let g be (-44)/3*9/(-12). Let t be 1/9*g - 10/45. What is the remainder when 32 is divided by (0/t)/3 + (0 - -20)?
12
Suppose -889*k + 893*k = -5*o + 5591, -3*o = -5*k + 6998. What is the remainder when 4219 is divided by k?
22
Suppose -o = -2*k + 190 - 52, 2*k - 120 = -2*o. What is the remainder when 1910 is divided by k?
62
Suppose -2*s = 3*m - 1522, -2031 = -4*m + s - 4*s. Suppose -2*y + 9*y - m = 0. Calculate the remainder when y is divided by (-33)/88 - (-326)/16.
12
Suppose 281*u = 283*u + 2*p - 3848, -2*u = -4*p - 3818. Calculate the remainder when u is divided by 96.
95
Let s(r) = 2*r**3 - 2*r**2 